+ 39. Calculate the highest common factor of c and w.
8
Let n(j) = -j. Let w(r) = -r + 46. Let k(d) = -6*n(d) + w(d). Let v be k(-5). What is the greatest common divisor of 49 and v?
7
Suppose 288 + 1224 = 14*i. What is the highest common factor of i and 81?
27
Let r(g) = -4*g + 314. Let t be r(-4). Suppose 125 = 4*x - 5*v, -154 = -2*x - 3*x + 4*v. What is the greatest common divisor of x and t?
30
Suppose 3*i - b = 39, -5*b + 26 + 31 = 3*i. Let p(a) = a**3 + 24*a**2 + 14. Let t be p(-24). Calculate the highest common factor of t and i.
14
Let z = -12 - -12. Suppose 2*t - 2*x + 86 = z, 3*t + 4*x = -0*t - 101. Let r = 67 + t. What is the greatest common factor of r and 56?
28
Let p(f) = 8*f - 64. Let y be p(48). Calculate the highest common divisor of 80 and y.
80
Let m(l) = -l**3 + 7*l**2 + 8*l + 9. Let j be m(7). What is the greatest common divisor of 1105 and j?
65
Let c be (7 - -1)*(-96)/(-64). Calculate the highest common divisor of 642 and c.
6
Let l = -672 + 766. Calculate the highest common factor of 611 and l.
47
Let r = 201 + -214. Suppose 4*v + 0*v = 4*b + 24, 0 = -b - 2*v + 9. Let t be 2*b + (-741)/r. What is the greatest common factor of 11 and t?
11
Let n be -10*(-33)/45 - (-1)/(-3). What is the greatest common factor of 112 and n?
7
Let b = -1 + 11. Let g = b + -7. Suppose -j = g*j - 32. What is the greatest common divisor of j and 8?
8
Let p be (3 - 1)/(2/3). Let l = -118 - -119. Calculate the highest common divisor of l and p.
1
Suppose a = 2*a - 3. Suppose 5*f + g + a*g - 483 = 0, -5*f + g + 498 = 0. Calculate the greatest common divisor of 66 and f.
33
Suppose -8 = -v + 15. What is the greatest common factor of v and 1?
1
Let u(d) = -2*d - 3*d + 4*d. Let r(a) = -a**2 + 27*a - 56. Let n be r(25). Let l be u(n). Calculate the greatest common divisor of l and 30.
6
Let q = -84 - -92. What is the greatest common divisor of q and 6?
2
Let w be (-40)/6*378/(-28). Suppose 5*l = -k + 18, 5*k - 4*l - w = -5*l. Let c be 4/18 - (-156)/27. What is the greatest common divisor of k and c?
6
Let i = -73 + 473. Suppose -85*s - i = -90*s. Suppose -8 = -t + 2. What is the greatest common factor of t and s?
10
Suppose 0 = -16*b + 19*b - 9, -5*p + 4*b = -68. Calculate the greatest common divisor of p and 112.
16
Let x(d) = 19*d + 21. Let u be x(7). What is the greatest common divisor of 847 and u?
77
Suppose 2 = -t, -4*t + 0*t - 76 = -4*z. Calculate the highest common divisor of 221 and z.
17
Let a(c) = 18*c - 514. Let p be a(29). Calculate the greatest common factor of 896 and p.
8
Let y(l) = -l**2 + 10*l + 6. Let d be y(10). Let o be (-9)/d - (-93)/6. What is the highest common divisor of o and 126?
14
Suppose -4*l + 14 = -126. Suppose -l = -8*a + 3*a. What is the highest common divisor of a and 63?
7
Let n = -65 - -146. Suppose -k + 12 = -0. Let f be (-3)/(4/k*-1). What is the highest common factor of n and f?
9
Let c = -1791 - -2078. Calculate the highest common factor of c and 7.
7
Let s be -1 + (21/(-15) - -1)*-5. Calculate the greatest common factor of s and 3.
1
Let a(b) = -8*b - 183. Let f be a(-49). What is the greatest common factor of 33 and f?
11
Let n be 12/(-10 - -4) + 12. Let q be -6*((-675)/n + 5). Calculate the highest common factor of q and 15.
15
Suppose -16*y = -5*y - 143. Let x(i) = -6*i**2 + i + 1. Let v be x(-1). Let f = y + v. What is the greatest common divisor of f and 56?
7
Suppose 8*r = 4*r + 48. Suppose -7*t = -3*z - 4*t + 39, -5*z = -3*t - 75. What is the greatest common factor of z and r?
6
Suppose -m - 25 = -6*m. Suppose -4*c - c + 96 = -2*o, 93 = m*c - o. Let z = -12 + c. What is the highest common factor of z and 54?
6
Let o be (-32)/(-6) + (-9)/27. Suppose -2*s - 3 = 4*l - 1, 37 = 5*s - 4*l. Calculate the greatest common factor of o and s.
5
Suppose -4 = -2*l + 2*d, -5*d = 5*l + 5 - 15. Let z be (-8)/(l*(-5)/20). Suppose -2*m = -9 - 71. What is the greatest common divisor of m and z?
8
Let t(c) = 94*c - 41. Let n be t(1). Calculate the greatest common divisor of n and 1.
1
Let j(s) = 4*s + 7. Let h be j(-1). Suppose -t = -h*g + 190, -g - 70 = -2*g - t. Calculate the greatest common divisor of g and 39.
13
Suppose -q - 4*q = -3*v + 70, 0 = 2*q + 5*v - 3. Let s = q + 23. What is the highest common factor of s and 30?
6
Suppose -5*z - w = -3*z - 37, 0 = 3*w + 9. Let k(l) = -10*l - 10. Let i be k(-9). What is the highest common divisor of i and z?
20
Let l(y) = 2*y**2 + 2. Let f be l(2). Let u = f - 12. Let k be (-170)/(-8) - u/(-8). Calculate the greatest common factor of k and 7.
7
Let j be (-50 - 1)/(2*(-36)/192). Calculate the highest common divisor of 748 and j.
68
Let x be (295/(-354))/((-1)/18). Calculate the greatest common factor of 375 and x.
15
Suppose 3*d - 5*r - 23 = -7, 11 = -2*d - r. Let q be (80/d)/(-4)*(-6)/(-4). What is the greatest common divisor of q and 25?
5
Let d(i) = 5*i - 2. Let h be d(1). Suppose -158 = -h*p + 31. Calculate the highest common factor of 7 and p.
7
Suppose 6*m + 5*m = -55. Let a(g) = 3*g**2 + 2*g - 20. Let x be a(m). Let y = -14 + 32. What is the greatest common factor of y and x?
9
Let o = -17 + 21. Suppose -3*k + 5*d + 19 = -2*k, -31 = -o*k + 5*d. Suppose 3*x = 5*x - 64. Calculate the highest common divisor of k and x.
4
Let j be (4 - (6 - 8)) + 10. Calculate the greatest common divisor of j and 176.
16
Suppose 3*y + 32 = 7*y - 5*t, -t = -y + 7. Calculate the greatest common divisor of y and 141.
3
Let j = 249 + 697. What is the greatest common divisor of 258 and j?
86
Let r be (-3)/(-18) - (-4)/(24/1325). Calculate the greatest common factor of 39 and r.
13
Let o = -544 + 649. Calculate the greatest common divisor of 63 and o.
21
Let l = -326 - -426. Calculate the highest common divisor of l and 60.
20
Suppose 15*g + 4*m = 19*g - 136, 2*g - 82 = -5*m. What is the highest common factor of 99 and g?
9
Let n(l) = 3*l**2 - 2*l - 7. Let q(s) = 4*s**2 - s - 8. Let r(u) = 5*n(u) - 4*q(u). Let j be r(-5). What is the highest common divisor of j and 8?
2
Suppose 2*b = -4*p + 3*p + 60, -108 = -2*p + 2*b. Suppose 0*g + 50 = 2*g + 2*r, -p = -2*g + r. Calculate the greatest common divisor of g and 27.
27
Suppose 2*r = c + 1589, -2457 = -4*r + 5*c + 712. What is the greatest common factor of 4 and r?
4
Let b be 1*((-2 - -56) + 1). Let q be (3/(-4))/(2/8). Let c be (q/(-2) - -1)*2. Calculate the highest common divisor of c and b.
5
Let r = -48 + 80. What is the greatest common divisor of r and 56?
8
Let j(v) = 21*v - 160. Let q be j(8). What is the highest common divisor of q and 36?
4
Let u be 1/((-5)/35) - -5 - -13. Calculate the highest common factor of 6 and u.
1
Suppose n + 0*v - 2*v - 24 = 0, -4*v = n - 54. Let k be 3914/n + (-42)/357. Calculate the greatest common factor of 46 and k.
23
Let r be -2 + -2 + (50 - 1). Suppose 0 = -4*g + 5*t + r, g = t + 5 + 5. Suppose 5*u + 76 = 86. What is the highest common divisor of u and g?
1
Suppose 0 = -10*f - 10*f + 780. Let a(q) = q**3 - 20*q**2 + 3*q - 8. Let z be a(20). Calculate the greatest common factor of z and f.
13
Suppose 0 = -3*q + 4*q + 2*k - 5, 11 = 5*q - 4*k. Let g be q - (-4 - -5)*-117. Calculate the greatest common divisor of g and 15.
15
Let d be 5/((-5)/(-4)) + -1. Let m = -10 + 10. Let z be m + 2 - (4 - 5). What is the greatest common divisor of d and z?
3
Let q(i) = 20*i - 64. Let w be q(4). Calculate the highest common factor of 432 and w.
16
Let a = -62 - -65. Suppose 0 = 3*y - 3*n + 4 + 5, y - a*n = -13. What is the highest common divisor of 22 and y?
2
Suppose 2*t + 0*w = 3*w + 16, 2*t = -w. Suppose -200 = -t*d + 3*r - 29, -4*d + 369 = 3*r. Calculate the highest common divisor of d and 10.
10
Let j(d) = -d**2 - 11*d - 13. Let s be j(-9). Let q = -442 + 668. Suppose q = -s*g + 601. What is the greatest common factor of 15 and g?
15
Let t = -33 - -57. Calculate the highest common divisor of t and 18.
6
Let g = -14 + 39. Let t be ((-3624)/15)/((-10)/g). Suppose -4*b - 4*x = -364, 0 = 5*b + 3*x + 139 - t. Calculate the greatest common divisor of b and 24.
24
Suppose -3*n - 90 = -324. What is the highest common factor of 39 and n?
39
Let f = -29 + 33. Suppose c = 3 + f. Let j(h) = 6*h - 2. Let l be j(5). Calculate the greatest common factor of c and l.
7
Let l be (-70)/245 + (-144)/(-14). What is the highest common f